hat is 117 + -3600?
-3461
In base 13, what is -7b352a2 + 5?
-7b3529a
In base 4, what is -201033312 - -13123?
-201020123
In base 11, what is 5 + -1a98a1?
-1a9897
In base 15, what is 7 - 63844da?
-63844d3
In base 4, what is -3210033311 - 330?
-3210100301
In base 4, what is -1033331213003 - -22?
-1033331212321
In base 6, what is 5042 - 1534433?
-1525351
In base 6, what is -143250 - -212?
-143034
In base 6, what is 154 + 124454414?
124455012
In base 7, what is -3 - -2041116046?
2041116043
In base 6, what is 2504 + -222134?
-215230
In base 15, what is 5 - 10e53e1?
-10e53db
In base 8, what is 115656460 - -13?
115656473
In base 3, what is 20022122020 - -20220?
20022220010
In base 14, what is -3553 + 255?
-32dc
In base 9, what is -1 + 331481233?
331481232
In base 16, what is -5 + -104f2b1e?
-104f2b23
In base 14, what is 14c788b + 33?
14c78c0
In base 11, what is -9 - -15638644?
15638636
In base 14, what is 35 + -101b698?
-101b663
In base 7, what is 5 + -132522?
-132514
In base 5, what is 222 - 4234014?
-4233242
In base 5, what is -12441403433 - 1?
-12441403434
In base 5, what is 1132423210 - 2?
1132423203
In base 5, what is 4 + -2431324013?
-2431324004
In base 14, what is -1d21841 + -1?
-1d21842
In base 12, what is 1 + 74bb5a60?
74bb5a61
In base 7, what is -1121164 - -33?
-1121131
In base 16, what is f62 + 7503?
8465
In base 15, what is -4e1a5 + 90?
-4e115
In base 11, what is 3703902 + -1?
3703901
In base 4, what is 12 - 222031201000?
-222031200322
In base 12, what is 5 - -3752684b?
37526854
In base 12, what is -2671 - 99?
-274a
In base 13, what is 94 + -26739?
-26675
In base 10, what is -22726142 - -7?
-22726135
In base 5, what is -13132300 - -440?
-13131310
In base 10, what is 89654323 - 2?
89654321
In base 8, what is 335422 - 123?
335277
In base 4, what is -11233 - 1100322331?
-1101000230
In base 3, what is -12110 - 22011100120?
-22011120000
In base 3, what is 101012 + 21002011?
21110100
In base 3, what is -1010220001020122 - 11?
-1010220001020210
In base 4, what is 211000 + 22331000?
23202000
In base 3, what is 2200210212200100012 + 1?
2200210212200100020
In base 6, what is -424454300 + 5?
-424454251
In base 9, what is -4403 - 320?
-4723
In base 15, what is -6ac7e0b + -7?
-6ac7e13
In base 9, what is -2560 - -440?
-2120
In base 11, what is -28720123 + 2?
-28720121
In base 16, what is -5 - 432ba6?
-432bab
In base 5, what is -224 - 11441434?
-11442213
In base 4, what is -30003311 + -22200110?
-112210021
In base 13, what is 3b10c + 171?
3b280
In base 8, what is 211244 + -715?
210327
In base 15, what is 4137c5b + -1?
4137c5a
In base 7, what is 0 + 261546125?
261546125
In base 7, what is 16300365 + -31?
16300334
In base 4, what is 13011330 - -10003?
13021333
In base 15, what is 3 + -66ad5b?
-66ad58
In base 11, what is -202169 + 6?
-202163
In base 16, what is -1ee - 8233?
-8421
In base 6, what is 5524 + 554104?
1004032
In base 8, what is 77575707 + 3?
77575712
In base 13, what is 7c - 3849b?
-3841c
In base 9, what is 5511138 - 16?
5511122
In base 16, what is -6 + 2a04984?
2a0497e
In base 16, what is 69 - a605?
-a59c
In base 5, what is -40 + 12124043401?
12124043311
In base 9, what is 34050 + 785?
34845
In base 6, what is -22 + -333251?
-333313
In base 4, what is 120321 + -332013?
-211032
In base 16, what is df - -23ad?
248c
In base 14, what is -232a + -3040?
-536a
In base 15, what is -7648225 - -3?
-7648222
In base 15, what is ace - -643?
1222
In base 5, what is 1 + -1442410021?
-1442410020
In base 2, what is 1110100111001001100110 + 101110?
1110100111001010010100
In base 14, what is b0a99 - 381?
b0718
In base 10, what is 481388 + -13?
481375
In base 4, what is 2 + -22200233312?
-22200233310
In base 12, what is -1 - -653533?
653532
In base 11, what is -37 + 392640?
392604
In base 10, what is -5619180 - -45?
-5619135
In base 8, what is -5051 + -55312?
-62363
In base 11, what is -201298 + 617?
-200781
In base 11, what is 4 + 10442a42?
10442a46
In base 15, what is 15cb + -35170?
-33a94
In base 2, what is -101000101 - 1100111010011?
-1101100011000
In base 11, what is 2656 + -3563?
-a08
In base 15, what is -2e6ba - -3?
-2e6b7
In base 2, what is 101 + -11100000110101101010111001?
-11100000110101101010110100
In base 15, what is 135 + 2bda5?
2beda
In base 12, what is 4a + -15a6a94?
-15a6a46
In base 10, what is 19892058 - 2?
19892056
In base 12, what is -5 + -239371?
-239376
In base 15, what is -13 - 3aae5?
-3ab08
In base 6, what is -21311 - -4454?
-12413
In base 14, what is -c + 615ac01?
615abd3
In base 12, what is 6965 + b2a?
7893
In base 16, what is -1873e0 - 6?
-1873e6
In base 15, what is -180ce - 5?
-180d4
In base 8, what is 1522 - -2013?
3535
In base 10, what is -1680643 + -8?
-1680651
In base 5, what is 11 - -302130312?
302130323
In base 4, what is 122030100333 + 0?
122030100333
In base 2, what is 100 + 11011010100111111111010111?
11011010100111111111011011
In base 7, what is -21350 - -23143?
1463
In base 5, what is 41212320 - -330?
41213200
In base 13, what is -4c9c6 + 7?
-4c9bc
In base 15, what is ec - 13e79?
-13d7c
In base 13, what is 577b318 + 9?
577b324
In base 15, what is -5d - -12cb9?
12c5b
In base 16, what is 30 + 140bd?
140ed
In base 10, what is 2508 + 1500?
4008
In base 3, what is 2020100111 + -222211?
2012100200
In base 12, what is -3a74902 + 4?
-3a748ba
In base 6, what is -1 - -2015123142?
2015123141
In base 6, what is -1115323 - 250?
-1120013
In base 9, what is -10886 - -748?
-10137
In base 16, what is -13dc01 + -18?
-13dc19
In base 14, what is 12 + -1b047?
-1b035
In base 16, what is 0 - -d95001?
d95001
In base 16, what is -4d3b865 - 1?
-4d3b866
In base 6, what is 213 + -2250123?
-2245510
In base 8, what is -65 + -314273?
-314360
In base 16, what is 4 + 80eeab5?
80eeab9
In base 11, what is -153566 - 1?
-153567
In base 12, what is -4 + -15643a6?
-15643aa
In base 3, what is -112200010210210 - -22?
-112200010210111
In base 7, what is 3 - 256241434?
-256241431
In base 15, what is 2b114 + -151a?
29ae9
In base 16, what is 42 + -58ab3?
-58a71
In base 10, what is 39301 - -4238?
43539
In base 7, what is -1631416 - -300?
-1631116
In base 10, what is -43674876 - -1?
-43674875
In base 10, what is 28 + -12690474?
-12690446
In base 7, what is -2645 - 1220314?
-1223262
In base 11, what is -105 + 25335?
25230
In base 10, what is -709965 - 31?
-709996
In base 4, what is 13121 - 2313102032?
-2313022311
In base 13, what is 2c - ca8b?
-ca5c
In base 7, what is -410122551 - 15?
-410122566
In base 9, what is -7602 - 1043?
-8645
In base 4, what is -3003030101 + 132?
-3003023303
In base 10, what is -5 + -29527190?
-29527195
In base 3, what is 200121111120 + -1201?
200121102212
In base 12, what is -745 - -75b33?
753aa
In base 3, what is 101010011 - 110120211?
-2110200
In base 11, what is -5 + 665659?
665654
In base 7, what is 20 + 5255556?
5255606
In base 8, what is -5 + 757374151?
757374144
In base 15, what is -2735 + -473?
-2ba8
In base 5, what is -112431403130 - 3?
-112431403133
In base 11, what is -104 - -85667?
85563
In base 2, what is 110000000 + -10110000101100?
-10101010101100
In base 11, what is -3 - 50620784?
-50620787
In base 13, what is -705 - 28b1?
-32b6
In base 9, what is -366 + -13101?
-13467
In base 16, what is 6c92b - -1d?
6c948
In base 8, what is 2 + 354477536?
354477540
In base 4, what is 2030 - 31112010?
-31103320
In base 15, what is -1d59 + 5448?
35de
In base 3, what is 12 - 10010010120112221?
-10010010120112202
In base 3, what is 12 + 11110210120001?
11110210120020
In base 5, what is -30243 - 2013440?
-2044233
In base 15, what is 5a79a - 8a?
5a710
In base 2, what is 101100110110 - -100000011101011100?
100001001010010010
In base 15, what is -33 - -35a780?
35a74c
In base 6, what is 10 + 525451114?
525451124
In base 3, what is 10010012122011 - 12?
10010012121222
In base 13, what is -2c9c3810 - 0?
-2c9c3810
In base 4, what is -100113000 + -213000?
-100332000
In base 8, what is 24310513 - 3?
24310510
In base 2, what is 10010011110 - 11001000101110110100?
-11001000011100010110
In base 14, what is 1a8 - -75511?
756b9
In base 11, what is -755722 - 3?
-755725
In base 13, what is -84881 - -2c?
-84852
In base 16, what is 64f1b38 - -e?
64f1b46
In base 3, what is -1 + 112020102110002?
112020102110001
In base 5, what is 3 - 123200044210?
-123200044202
In ba